). Suppose -m = -2*d + 87. What is the greatest common divisor of 5 and d?
5
Suppose -4 = 2*w - 5*d - 33, 0 = d + 5. Suppose 14*i - 348 + 82 = 0. Let o be (-16)/(-64) + i/4. What is the greatest common divisor of o and w?
1
Let u(t) = 2*t + 14. Let p = 55 + -61. Let m be u(p). Let j(l) = -l + 16. Let f be j(0). What is the greatest common divisor of m and f?
2
Let q be 1566/(-348)*1/(-3)*4. What is the highest common divisor of q and 222?
6
Let h(m) = 2*m**2 - 3. Let f(y) = -2*y**3 - y**2 - y. Let t(s) = 4*f(s) + h(s). Let x be t(-2). What is the greatest common factor of x and 305?
61
Let x = -7 - -12. Let n(s) be the second derivative of s**4/2 + s**3/6 + 5*s**2 - 8*s - 7. Let u be n(x). What is the greatest common factor of u and 15?
15
Let z = -13949 + 14597. Calculate the greatest common factor of z and 636.
12
Suppose 2433*x - 3*i - 475 = 2431*x, 5*i + 709 = 3*x. What is the greatest common factor of x and 160?
8
Let f be 3828 + (-5 - (14 - 6)). Calculate the greatest common divisor of f and 35.
35
Let d = 10669 + -10369. Calculate the highest common factor of d and 345.
15
Suppose -3*q = 4*q - 210. Let p be 182/15 - (-1)/(q/(-4)). What is the highest common factor of p and 1?
1
Let i be (8 + 38*7/(-4))*-2. Calculate the greatest common divisor of i and 2028.
39
Suppose -3*v = 3*r - 1137, -v + 1520 + 347 = 5*r. Calculate the highest common divisor of r and 558.
186
Suppose 2*y - y - 24 = 0. Let p(w) = 2*w**2 + 63*w + 150. Let f be p(-44). Let x be (0 + 18/(-5))*f/(-75). Calculate the highest common divisor of y and x.
12
Suppose -9*n = -4*n - 3*x - 70, -x = -n + 16. Suppose n*a - 177 = 32. Calculate the highest common factor of a and 475.
19
Let b(c) = 2*c**3 + 35*c**2 + 2*c + 99. Let h be b(-17). What is the highest common factor of 2950 and h?
118
Let w be (54 - 71 - -2*1)*-4. Calculate the greatest common factor of 20 and w.
20
Suppose 0 = -5*w + 3*d + 9629, -4*d - 883 - 1036 = -w. What is the greatest common factor of 329 and w?
47
Let o(u) = u - 13. Let v(w) = 3*w - 40. Let a = 56 - 54. Let j(x) = a*v(x) - 7*o(x). Let k be j(-13). What is the highest common divisor of k and 6?
6
Suppose -138*v + 23*v + 77869 = -791. Calculate the highest common factor of v and 14136.
228
Let f be 2/19 + (-55751)/(-3743). Let b be (3 - -9)/(2/20). What is the highest common factor of b and f?
15
Suppose -m - 3*g = -837, 5*g + 4489 = 2*m + 2804. Calculate the greatest common divisor of m and 150.
30
Suppose -i - 95 + 88 = -4*s, -4*s = 3*i - 11. Suppose 3*b - 10 - 8 = 0. Calculate the highest common factor of s and b.
2
Suppose 0 = -0*u + 3*u + 4*x + 7, 2*u - 4*x = 22. Suppose 27 = -u*i - 18. Let h = 39 - i. Calculate the highest common divisor of 36 and h.
18
Suppose r = 5*s - 2, -3*s = -2*s + 4*r + 8. Suppose -6*f + 42 - 18 = s. Calculate the greatest common divisor of f and 30.
2
Let l = -101 + 233. Let v(d) = -d**3 + 7*d**2 - 6*d. Let y be v(6). Suppose 7*h - 2*h = 4*s + 56, y = -s + 1. Calculate the greatest common factor of h and l.
12
Suppose -5*y = 4*l - 101, 3*y - 79 = -y - 5*l. Let f = -33 + y. Let r(c) = -c + 12. Let w be r(f). Calculate the greatest common factor of 6 and w.
6
Let s(h) = -h**2 + 7*h + 20. Let u be s(9). Let o be (-41)/(-4) - 20/80. What is the highest common factor of o and u?
2
Suppose -421*q + 362*q + 21240 = 0. Let p be 260/(-14)*(-3 - 4). Let j = p - 90. Calculate the greatest common factor of j and q.
40
Suppose 0 = -9*b - 24 + 1554. Suppose 0 = -7*p + b + 26. Calculate the greatest common factor of 6 and p.
2
Let p = -6215 + 6236. Calculate the greatest common divisor of 546 and p.
21
Suppose 303 = 49*m - 2490. Suppose 2*z - 3*u = 114 + 60, 3*z = -4*u + 295. Suppose -5*g = -z - m. Calculate the greatest common factor of 90 and g.
30
Let c(u) = 3*u**2 - 3*u + 1. Let b be c(3). Let j be 2 - 10 - (2 + -44). Suppose -j*n = -40*n + 456. Calculate the highest common divisor of n and b.
19
Let x be 11*(-6)/18*-15. Let b = 1123 + 4105. Let z be 10/x - b/(-44). Calculate the highest common divisor of 7 and z.
7
Suppose -22*t - 20869 - 147936 = -71*t. Calculate the greatest common divisor of 715 and t.
65
Suppose -3*z = -0*z - 108. Suppose 4*h = 2*x + 75386, 0 = -3*h - 4*x + 2*x + 56522. Suppose -41*w - 4084 = -h. What is the greatest common factor of z and w?
36
Let c be (-10)/(-30) - -1031*1/3. Suppose -8*r + 4*r + c = 0. Let d = 395 - 352. What is the highest common divisor of d and r?
43
Suppose -2*l = 5*i + l - 117, -3*i + 67 = 5*l. Calculate the greatest common factor of i and 78.
6
Let o(u) = 614*u - 2450. Let k be o(4). Calculate the greatest common divisor of 192 and k.
6
Let s be -1*10/2 - 64. Let k = s - -49. Let c be (6*(-4)/k)/((-1)/(-60)). What is the highest common factor of 96 and c?
24
Let r be 25/(-4) - (-2)/8. Let t = r + 96. Suppose -a - 12 = -2*y, -41*y + a = -38*y - 22. What is the highest common factor of t and y?
10
Suppose -29 = 18*k - 173. Let i be 15/5*136/3. What is the highest common factor of k and i?
8
Let m = -2583 - -3858. What is the greatest common factor of m and 600?
75
Suppose p = 6*p - 35. Let n be 241/5 - p/35. Suppose 6*l - 64 - 128 = 0. Calculate the greatest common divisor of n and l.
16
Let z(y) = 41*y**2 - 177*y + 364. Let b be z(2). Calculate the highest common divisor of b and 138.
6
Let l(x) = 21*x**2 + 2*x**3 + 18*x + 5 + 0 + 4*x. Suppose 17*s + 351 = -22*s. Let c be l(s). Calculate the greatest common divisor of c and 20.
10
Suppose 2 = -2*x, 4*r + 6*x = x + 487. Let y = 258 + -178. Let p = y - 39. Calculate the greatest common factor of p and r.
41
Let p = -6 - -11. Suppose -4*a - 8 = 0, -6*t - p*a - 7 = -3*t. Let m(y) = -y**2 - 7*y + 31. Let d be m(-10). Calculate the greatest common divisor of d and t.
1
Let g be (88/(-32))/(2/(-8)). Suppose 6*o = g*o - 350. Let i(n) = n**2 + 4*n + 7. Let z be i(-7). What is the greatest common divisor of z and o?
14
Let l = 102 + -98. Suppose 2*x = v + 6, -120 = l*v + 2*x - 46. Let q be (-162)/(-4) + 8/v. Calculate the greatest common divisor of 10 and q.
10
Let l = -4194 + 4260. What is the highest common divisor of l and 1606?
22
Suppose -5*f + 280*l + 564 = 282*l, 0 = -3*f + l + 323. What is the highest common factor of f and 5170?
110
Let a be (7 + (-31)/((-651)/(-210)))*(-10)/3. Let l be ((-18)/5)/((-9)/150). Calculate the greatest common factor of a and l.
10
Let b(f) = -f**2 + 5*f + 59. Let u be b(10). Let i be (-2)/(-3) + 1602/27. What is the greatest common factor of i and u?
3
Suppose 2*f - 3*b = 214, -110 = -f + 19*b - 16*b. What is the greatest common divisor of 1144 and f?
104
Suppose -2*g = -5*g + 891. Let i = -56 - -41. Let v be i/6*33*(-6)/15. Calculate the greatest common factor of v and g.
33
Let i(x) = 9*x**2 + 7*x - 11. Let z = -130 + 132. Let a be i(z). Calculate the highest common factor of 143 and a.
13
Suppose -3*f - 3*f = 4*p - 458, 4*f - 304 = -2*p. Calculate the highest common factor of 1200 and f.
75
Let g be (-30)/25*4*-538*65/26. Calculate the highest common divisor of g and 120.
24
Let g be (-6)/6 - (0 + -2) - -63. Suppose 19*o = 3*o + g. Let z = -41 + 61. Calculate the greatest common factor of z and o.
4
Let t be 127 - 1/((-4)/12). Let r = -293 + 308. Calculate the greatest common factor of t and r.
5
Let i(l) = -l**2 + 18*l - 33. Let q be i(15). Let x = 4388 - 4064. Calculate the highest common factor of q and x.
12
Let l(j) = j**3 - 12*j**2 + 22*j - 2. Let f be l(10). Let d(z) = z + 3. Let q be d(3). Calculate the greatest common factor of q and f.
6
Let i be (2387/49 - -1) + 8/28. Suppose -4*f = -2*x - i, -5*x = 4*f - 2*f - 43. Calculate the highest common divisor of f and 406.
14
Let m = -3238 + 4169. What is the greatest common factor of 361 and m?
19
Let w = 134 - 436. Let l = -290 - w. What is the greatest common factor of l and 24?
12
Let s be ((-14)/(560/750))/(3/(-64)). Calculate the greatest common divisor of 32 and s.
16
Let b(i) = 27*i + 55. Let v be b(6). Let k be 1/4*8*v/2. Calculate the highest common divisor of 7 and k.
7
Suppose -16*a = -35*a - 13376. Let q = 709 + a. Calculate the highest common factor of q and 7.
1
Let m be (11 - 10)/((-2)/(-46)). Suppose 2*k + 134 = 2*u, -2*u - 4*k - m = -151. What is the greatest common divisor of u and 88?
22
Let t be (4/(-3))/((4/3)/(-2)). Suppose